he greatest common divisor of x and v?
29
Let x = -3 - -4. Let k be 1 - (2 + 64/(-2)). Suppose 3*h + k = 4*w + w, -18 = -4*w - h. What is the highest common divisor of w and x?
1
Let o(m) = 3 + m**3 + 8*m**2 - m**2 + 0*m**2. Let p be o(-6). Suppose -2*g + 12 = 2*i, g + 3*g - i - p = 0. Calculate the highest common divisor of 18 and g.
9
Let x be 3*3 + -1 + 1. What is the highest common divisor of x and 18?
9
Let c = 100 - 65. What is the highest common factor of 7 and c?
7
Let d(z) = z**3 + 2*z**2 - 4*z - 5. Let j be d(-2). Let x be -3*((-42)/9 + j). Calculate the highest common factor of 20 and x.
5
Let v = 16 + -13. What is the greatest common divisor of v and 3?
3
Let a = -7 + 13. Let y(r) = r**2 - 2*r + 1. Let z be y(a). Calculate the greatest common divisor of 275 and z.
25
Let s be (-268)/(-8) - (-2)/(-4). Calculate the highest common divisor of s and 11.
11
Let h be (3/4)/((-15)/(-660)). What is the greatest common divisor of h and 132?
33
Let j be 1 + 2*380/8. What is the greatest common factor of j and 12?
12
Let t(o) = -2*o - o**2 + 5*o + 2*o - 3. Let x be t(3). Suppose 10*b - 5*b - 46 = -3*k, 2*b - 40 = -3*k. What is the greatest common factor of k and x?
3
Let y = 7 - -32. What is the highest common divisor of y and 13?
13
Let p(d) = 9*d + 41. Let v(c) = -c - 2*c - 35 - 10*c - 26. Let s(q) = -7*p(q) - 5*v(q). Let x be s(13). What is the greatest common divisor of 4 and x?
4
Let i = -58 - -18. Let j be i/14*(-14)/4. What is the greatest common divisor of j and 70?
10
Suppose 4*o = 0, -5*q + 2*o = -2*q - 12. Let u = q - 2. Let b = -285 + 293. Calculate the greatest common factor of b and u.
2
Let s(j) = j**3 + 4*j**2 + 3*j + 3. Let p = -1 - -4. Suppose -3*r + 2*r = p. Let i be s(r). What is the highest common factor of i and 3?
3
Let z(u) = u**2 - 3*u - 2. Let a be z(5). What is the greatest common factor of a and 72?
8
Let q(l) = l**3 - l**2 + 2. Let c be q(2). Calculate the highest common divisor of 4 and c.
2
Let c(z) = z**2 + 12*z - 9. Let r(o) = o + 1. Let q(w) = -c(w) + 4*r(w). Let m be q(-9). What is the highest common factor of m and 2?
2
Suppose 3*j = -l - 10, 0*j - j = 2*l. Let s = 6 - j. Calculate the highest common factor of s and 70.
10
Suppose -2*x = x - 9. Suppose 0 = -5*h - 5*u + 355, 4*h - 5*h + x*u + 75 = 0. Calculate the greatest common divisor of 48 and h.
24
Let z be -2*1/(-3)*54. What is the highest common divisor of 108 and z?
36
Let s = 23 + -18. Suppose 3*m - 4*h = -10, -4*m - 5*h - 15 = -43. Suppose -d + m*d - 5 = 0. What is the greatest common factor of s and d?
5
Suppose 3*a - 21 = t - 0*t, -4*t = 12. Suppose 72 = -3*f + a*f. Let v = f - -21. Calculate the highest common factor of 18 and v.
9
Let h(z) = -2*z - 2. Let b be (-14)/(-4)*-2 + 3. Let r be h(b). Calculate the greatest common factor of r and 48.
6
Suppose -2*m + 70 = 2*j + 2*m, -5*j - 5*m = -155. What is the greatest common factor of 81 and j?
27
Suppose -5*k + 10 = 0, 3*r - 178 = r - 5*k. Suppose -r = -2*p - 2*p. What is the greatest common factor of 3 and p?
3
Let q = -7 + 13. Suppose q*o = 2*o + 20. Suppose o*m = -0*m + 300. What is the greatest common divisor of 24 and m?
12
Let x = 8 + -2. Let k = x + -18. Let f = k - -28. What is the greatest common factor of f and 16?
16
Let v(l) = l**2 - 5*l + 2. Let z be v(4). Let j(h) = 4*h**2 + 3*h + 1. Let u be j(z). Calculate the highest common divisor of 11 and u.
11
Suppose 5*a - 43 = -4*d, -d + 10 = -0*d + 2*a. Let h(q) = 8*q + 12. Let j be h(12). What is the greatest common divisor of j and d?
12
Suppose -724 = -2*z - 2*z - a, 3*z = -2*a + 538. What is the highest common divisor of 14 and z?
14
Let l be -4 - -4 - -8*(-9)/(-6). Let y be (14/(-5))/((-8)/240). Calculate the greatest common factor of y and l.
12
Let q = 23 + -3. Suppose 65 - q = 5*t. Suppose 2*x - 35 = -t. Calculate the highest common factor of 26 and x.
13
Suppose 1 + 4 = l. Suppose -l*p + 80 = 5*r, -p - r - 3*r = -31. Suppose 0 = -0*i - 3*i + 231. Calculate the highest common divisor of i and p.
11
Let a be 2 + -2 + (0 - -66). Let o = -9 - -27. Suppose -o = t - 4*t. Calculate the highest common divisor of a and t.
6
Suppose 85 = 3*n - 251. Let k(o) = o**2 + 16*o + 20. Let c be k(-15). Suppose -4*v + 144 = c*v. What is the highest common factor of n and v?
16
Let t(s) = -8*s. Let r be t(-3). Suppose -88 = -2*q + r. Let c = 5 - -2. What is the greatest common factor of c and q?
7
Let c(f) = -58*f**3 - 2*f**2 - f. Let q be c(-1). Suppose b + 2*b = q. What is the greatest common divisor of 152 and b?
19
Let b(m) = 5*m**2 - 4*m - 2. Let t be b(7). Calculate the highest common divisor of 86 and t.
43
Let t(f) = -2*f**3 - f**2 + f - 1. Let l be t(-2). Let c be ((-4)/8)/(1/86). Let u = c + 70. What is the greatest common factor of u and l?
9
Let g = 5 - 1. Let w = 14 - g. Calculate the highest common factor of 5 and w.
5
Let m(h) = -h**3 + 5*h**2 + 4*h + 1. Let d be m(5). What is the greatest common divisor of 28 and d?
7
Suppose 2*v = 4*t - 274, -3*t - 3*v = 2*t - 359. Suppose -m + 276 = 2*b + t, -b - 5*m + 85 = 0. Let h = 15 + 0. Calculate the highest common divisor of b and h.
15
Let u(h) = 10*h**2 - h - 2. Let d be u(-7). Suppose p - q - 163 = 0, q + 4*q + d = 3*p. Calculate the highest common divisor of 20 and p.
20
Let i(l) be the third derivative of 0*l**4 + 4/3*l**3 - 1/120*l**6 + l**2 + 0*l**5 + 0*l + 0. Let k be i(0). What is the highest common factor of 16 and k?
8
Let h = 4 - 4. Let x be h*((-14)/(-6) + -2). Suppose x*w = -4*w + 16. Calculate the highest common factor of 10 and w.
2
Let y(r) = -2*r - 44. Let o be y(-26). Calculate the greatest common divisor of 8 and o.
8
Let x = -50 + 99. What is the highest common divisor of x and 7?
7
Let h be 9 + ((-3)/(-9))/(2/6). What is the highest common factor of 110 and h?
10
Suppose -123 = -8*j + 109. Calculate the greatest common divisor of j and 116.
29
Let n be (-2)/((-5)/(-15) + -1). Calculate the greatest common divisor of n and 9.
3
Suppose -3*n - b + 277 = 0, 0*n = -5*n + 4*b + 456. What is the highest common divisor of 4 and n?
4
Let r = 24 - 4. What is the greatest common factor of 8 and r?
4
Let p = -119 + 145. Calculate the highest common factor of 65 and p.
13
Suppose 4*j + v - 38 = 77, j - 25 = v. Let m be (-9 + 1)*1/(-2). What is the highest common divisor of j and m?
4
Suppose 0*x - 2*x = -32. What is the greatest common factor of x and 40?
8
Let k be 4/(-14) + (-886)/(-14). Calculate the greatest common divisor of 9 and k.
9
Let j(u) = -u**2 - 8*u - 9. Let c be j(-6). Suppose 0*i = -c*i. Suppose 2*g - 2*s = 162, -2*g - s + 159 = -i*s. What is the highest common factor of g and 32?
16
Let z(m) be the first derivative of -m**2/2 + 2*m - 1. Let c be z(-5). Calculate the greatest common factor of c and 21.
7
Let s = 163 - 159. What is the highest common factor of s and 4?
4
Suppose 5*x + 5 = 0, -3*x + 2 - 17 = -2*l. Suppose -l = -5*m + 4*z, 7*m - z - 9 = 2*m. What is the greatest common factor of m and 1?
1
Let o be (3 - -4) + -1*2. Let q be 290/o + -2*1. Suppose -6*d + 3*d = -24. Calculate the highest common factor of q and d.
8
Suppose -2*f - 142 = -4*f. Suppose 10 - 42 = 2*q. Let v = f + q. What is the highest common factor of v and 5?
5
Let k = 40 - 33. Calculate the greatest common factor of k and 7.
7
Suppose -5*d = 4*x - 27, 3*d = x + 4*x - 6. What is the greatest common divisor of 12 and d?
3
Let w = 18 - 16. Suppose 3*m = 7 - 1. Suppose 2*n + 5*s + w = 6, m*n = -2*s + 10. Calculate the highest common divisor of 56 and n.
7
Suppose 3*x - 420 = -2*x. Let z be (-1)/(-5) - 590/(-50). Calculate the greatest common divisor of z and x.
12
Let x = -6 - -4. Let a(u) = -4*u**3 - 2. Let l be a(x). Let c be 1/4 + (-46)/(-8). What is the highest common divisor of c and l?
6
Let a = 70 - 0. Let l be 5*4*21/(-30). Let i be (-8)/10*175/l. Calculate the highest common divisor of i and a.
10
Let w(h) = -2*h + 8. Let g be w(-10). What is the highest common divisor of g and 308?
28
Let m be ((-12)/(-10))/(6/20). Suppose 0 = m*y - 7*y + 84. Let u be (-2 - 19)/((-6)/20). What is the greatest common factor of y and u?
14
Let j(s) = s**3 - 7*s**2 - 7*s - 6. Let a be j(8). Let c be 54/(1*a/4). What is the highest common divisor of c and 12?
12
Suppose 0 = -4*c + 19 + 1. Suppose 12 = 